ivisor of 6017 and 407?
11
Calculate the greatest common factor of 803145 and 210.
105
Calculate the highest common divisor of 2023 and 228021.
289
What is the highest common factor of 417 and 6394?
139
Calculate the highest common divisor of 72 and 64656.
72
Calculate the greatest common divisor of 525 and 237825.
525
Calculate the highest common divisor of 37108 and 12.
4
Calculate the highest common divisor of 9860 and 1015.
145
Calculate the highest common divisor of 182 and 13559.
91
What is the highest common divisor of 5092 and 113096?
268
What is the greatest common divisor of 573484 and 1244?
1244
Calculate the greatest common divisor of 7448 and 112.
56
Calculate the greatest common divisor of 264863 and 4593.
1531
Calculate the highest common factor of 18 and 8803251.
9
What is the greatest common factor of 223195 and 20?
5
Calculate the greatest common factor of 2664 and 4958.
74
What is the highest common factor of 45401 and 581?
83
What is the highest common divisor of 6 and 5015424?
6
Calculate the greatest common factor of 20 and 224945.
5
What is the highest common factor of 6684 and 10408659?
1671
What is the greatest common divisor of 3008 and 560240?
752
Calculate the highest common divisor of 645424 and 232.
232
What is the greatest common divisor of 1298978 and 1396?
698
What is the highest common factor of 294657 and 33?
33
What is the greatest common factor of 654 and 150093?
327
Calculate the greatest common factor of 32364 and 12876.
348
What is the highest common factor of 65675 and 555?
185
What is the highest common divisor of 3072 and 1380352?
1024
What is the highest common factor of 886394 and 652?
326
Calculate the highest common divisor of 4592 and 720.
16
What is the highest common divisor of 149828 and 28?
28
Calculate the highest common factor of 20 and 2536540.
20
Calculate the greatest common divisor of 50 and 5035425.
25
What is the greatest common factor of 3135 and 304?
19
Calculate the highest common divisor of 9439254 and 1782.
1782
What is the greatest common factor of 92988 and 12?
12
What is the highest common divisor of 23328 and 21546?
162
Calculate the highest common factor of 1628 and 2336.
4
Calculate the highest common factor of 5929 and 135044.
49
What is the highest common factor of 4085 and 1995?
95
What is the greatest common factor of 435 and 260745?
15
What is the highest common divisor of 1685 and 4995?
5
Calculate the greatest common factor of 26832 and 141024.
624
What is the greatest common factor of 7065 and 8595?
45
What is the greatest common factor of 159012 and 1008?
252
What is the highest common divisor of 136 and 42500?
68
Calculate the highest common divisor of 1082150 and 230.
230
Calculate the highest common divisor of 72 and 51256.
8
What is the highest common divisor of 2712 and 58647?
339
Calculate the greatest common divisor of 38168 and 208.
104
What is the greatest common factor of 2184 and 11128?
104
What is the highest common factor of 119 and 140743?
17
Calculate the greatest common divisor of 40 and 75710.
10
Calculate the highest common factor of 144 and 10476.
36
Calculate the highest common factor of 1631 and 364.
7
Calculate the highest common factor of 10040 and 50.
10
What is the highest common factor of 220 and 3212?
44
Calculate the highest common divisor of 32 and 153476.
4
What is the greatest common divisor of 2249 and 2522?
13
What is the highest common factor of 6 and 67947?
3
What is the greatest common factor of 247248 and 72?
72
What is the greatest common divisor of 618 and 309000?
618
Calculate the highest common divisor of 40 and 411896.
8
What is the greatest common divisor of 303 and 28987?
101
What is the highest common factor of 350 and 243000?
50
What is the highest common factor of 1503 and 1?
1
Calculate the highest common divisor of 6 and 36682.
2
Calculate the highest common factor of 487 and 2376560.
487
Calculate the greatest common factor of 96 and 9696.
96
Calculate the greatest common divisor of 5837 and 26.
13
Calculate the greatest common factor of 407 and 237.
1
What is the highest common factor of 697 and 14063?
41
Calculate the greatest common divisor of 236 and 20924.
4
Calculate the greatest common divisor of 2176 and 50.
2
Calculate the greatest common factor of 54742 and 2168.
542
Calculate the highest common divisor of 109 and 3631335.
109
What is the highest common factor of 852 and 5620218?
426
What is the greatest common divisor of 18500 and 800?
100
Calculate the greatest common factor of 172 and 281564.
172
Calculate the highest common divisor of 633655 and 209.
11
What is the greatest common factor of 11 and 410399?
11
What is the highest common divisor of 658 and 1184?
2
Calculate the greatest common divisor of 2631804 and 1071.
357
What is the greatest common factor of 65280 and 705?
15
Calculate the highest common divisor of 37 and 26233.
37
What is the greatest common factor of 8608 and 111635?
269
Calculate the greatest common factor of 22960 and 224.
112
Calculate the highest common factor of 157 and 3.
1
Calculate the highest common factor of 1549515 and 11.
11
What is the greatest common factor of 36708 and 21280?
532
What is the greatest common factor of 663 and 6324?
51
Calculate the greatest common factor of 58688 and 13888.
448
What is the highest common divisor of 25775 and 1000?
25
Calculate the highest common factor of 608 and 64.
32
What is the highest common divisor of 5430 and 1455?
15
Calculate the greatest common divisor of 41 and 907248.
41
Calculate the greatest common divisor of 2331 and 882.
63
What is the greatest common factor of 52 and 18148?
52
Calculate the greatest common factor of 18579 and 18777.
33
What is the greatest common divisor of 52 and 814?
2
Calculate the highest common factor of 4351 and 31373.
229
What is the highest common factor of 573 and 25785?
573
Calculate the highest common divisor of 1154925 and 75.
75
Calculate the highest common factor of 21 and 1695.
3
What is the greatest common divisor of 555588 and 276?
276
Calculate the highest common factor of 360 and 27880.
40
Calculate the highest common divisor of 33 and 342947.
11
Calculate the greatest common divisor of 2248 and 8.
8
What is the greatest common divisor of 1510920 and 72?
72
What is the greatest common factor of 448277 and 1146?
191
Calculate the greatest common divisor of 356 and 334462.
178
Calculate the highest common factor of 16412 and 4532.
44
What is the highest common divisor of 128 and 7824512?
128
What is the greatest common divisor of 5399027 and 113?
113
Calculate the highest common divisor of 28 and 135002.
14
What is the highest common divisor of 511 and 259?
7
Calculate the greatest common divisor of 3360 and 67560.
120
What is the highest common divisor of 1348 and 290157?
337
What is the highest common divisor of 10 and 2783250?
10
Calculate the highest common divisor of 30960 and 6480.
720
What is the greatest common divisor of 99 and 13752?
9
What is the greatest common factor of 409739 and 2509?
193
Calculate the greatest common factor of 258295 and 5.
5
What is the highest common divisor of 37335 and 3537?
393
What is the highest common divisor of 1512513 and 1578?
789
What is the highest common divisor of 179728 and 8?
8
What is the highest common factor of 22192 and 304?
304
What is the greatest common factor of 124509 and 189?
21
Calculate the greatest common divisor of 118534 and 52.
26
What is the highest common factor of 1127770 and 140?
70
What is the highest common divisor of 620 and 1271?
31
What is the highest common factor of 524832 and 44?
44
Calculate the highest common divisor of 399343 and 178.
89
Calculate the greatest common factor of 1708 and 3206.
14
What is the greatest common factor of 4992 and 66768?
624
What is the greatest common divisor of 1575 and 3850?
175
Calculate the greatest common divisor of 53500 and 150.
50
What is the greatest common divisor of 4179 and 1302?
21
What is the highest common factor of 45 and 215?
5
What is the highest common factor of 3204 and 1362?
6
Calculate the greatest common divisor of 504 and 46676.
28
What is the highest common divisor of 27 and 75906?
9
What is the greatest common divisor of 77 and 185696?
7
What is t